 factor of 156 and 2372088?
12
Calculate the highest common factor of 11419 and 593503.
19
Calculate the highest common divisor of 49920 and 54485760.
3840
What is the greatest common factor of 4802613 and 124?
31
Calculate the greatest common divisor of 73074 and 78261.
57
What is the greatest common factor of 3576861 and 27?
9
What is the greatest common factor of 43408431 and 162657?
5247
What is the greatest common factor of 228456 and 93520?
1336
Calculate the highest common factor of 619983 and 9351.
9
What is the greatest common factor of 86948665 and 25552?
1597
Calculate the greatest common factor of 93200 and 29200.
400
What is the highest common factor of 70686 and 5982?
6
What is the greatest common factor of 183855 and 43925?
35
Calculate the highest common factor of 1442882143 and 454.
227
Calculate the highest common divisor of 364 and 992908.
28
What is the highest common divisor of 572 and 4449133?
13
Calculate the greatest common divisor of 299 and 10781342.
299
What is the greatest common factor of 3078554 and 1683961?
4019
What is the greatest common factor of 7298368 and 24?
8
Calculate the highest common divisor of 760312 and 14896.
56
Calculate the greatest common factor of 317984 and 141664.
608
Calculate the highest common factor of 3312 and 2035602.
18
What is the greatest common divisor of 4004928 and 5814?
306
What is the highest common factor of 7186 and 18514?
2
Calculate the greatest common divisor of 150146269 and 65.
13
What is the highest common factor of 59963 and 8902048?
983
What is the greatest common divisor of 35760 and 40750755?
2235
Calculate the highest common factor of 5875042 and 2.
2
Calculate the highest common divisor of 1104 and 4070310.
138
Calculate the highest common factor of 2170458 and 25694208.
12546
Calculate the greatest common factor of 210 and 1002120945.
105
Calculate the highest common factor of 12 and 1376052774.
6
Calculate the highest common factor of 60782961 and 4476.
1119
What is the greatest common divisor of 2838 and 14037522?
258
Calculate the greatest common factor of 3141 and 507051.
9
What is the highest common divisor of 235 and 13343065?
235
Calculate the highest common factor of 497 and 708757.
7
What is the highest common factor of 67 and 16153231?
67
Calculate the highest common divisor of 1876 and 381565268.
1876
Calculate the greatest common factor of 2881802 and 1661.
11
What is the greatest common factor of 24577 and 5362?
7
What is the highest common divisor of 84 and 9717768?
12
Calculate the highest common factor of 398104 and 770.
14
What is the greatest common divisor of 33733 and 14701?
61
Calculate the greatest common factor of 294304230 and 2385.
2385
Calculate the greatest common divisor of 2822 and 4429378.
166
What is the greatest common divisor of 168058009 and 80945?
16189
What is the greatest common divisor of 3462 and 381548751?
1731
Calculate the greatest common divisor of 50043 and 2020977.
21
Calculate the highest common factor of 11880 and 2898104.
88
What is the highest common divisor of 727 and 240?
1
Calculate the greatest common divisor of 187392836 and 15946.
2278
What is the highest common divisor of 741629 and 212?
53
What is the highest common factor of 17992 and 32045?
13
Calculate the greatest common divisor of 1896 and 2123678.
158
Calculate the highest common divisor of 1205172 and 3036.
12
What is the highest common divisor of 28 and 6215552?
28
Calculate the greatest common factor of 888 and 78773.
37
Calculate the greatest common factor of 2271 and 5721.
3
Calculate the greatest common divisor of 555831530 and 10.
10
Calculate the highest common factor of 670377150 and 270.
90
What is the highest common divisor of 665280 and 5824?
448
Calculate the greatest common divisor of 3699678 and 163500.
654
What is the greatest common factor of 8961949 and 7619?
401
Calculate the highest common divisor of 1515 and 181325805.
1515
What is the greatest common divisor of 3420094 and 476?
34
Calculate the highest common factor of 249935 and 49728.
259
Calculate the highest common divisor of 9702 and 819378.
882
What is the greatest common factor of 1990758 and 217?
217
What is the highest common divisor of 4992 and 179751?
39
What is the highest common factor of 16310800 and 17524?
1348
What is the highest common factor of 14850682 and 462?
154
Calculate the highest common factor of 7511367 and 5211.
579
Calculate the highest common divisor of 860366 and 7631.
13
Calculate the greatest common factor of 358281 and 72991.
47
Calculate the greatest common factor of 1658096 and 2208.
16
What is the highest common divisor of 715 and 10498345?
715
Calculate the greatest common divisor of 23140704 and 16224.
96
What is the highest common factor of 633528032 and 7734?
2578
Calculate the greatest common factor of 36 and 187718868.
36
Calculate the highest common divisor of 503937 and 20672784.
3789
What is the greatest common factor of 4323 and 525129?
33
Calculate the greatest common factor of 98898 and 168858.
318
What is the greatest common divisor of 1168 and 7477536?
1168
Calculate the greatest common divisor of 79219 and 2429.
7
Calculate the highest common divisor of 66129 and 37177.
329
What is the highest common divisor of 250992 and 308?
28
What is the highest common factor of 260 and 38541035?
65
What is the greatest common factor of 9534 and 684471284?
3178
What is the greatest common factor of 15414 and 61026?
42
Calculate the highest common divisor of 22738540 and 220.
220
Calculate the greatest common factor of 2156 and 1887015284.
2156
Calculate the greatest common factor of 352 and 76593616.
176
What is the highest common divisor of 194715446 and 356?
178
What is the highest common divisor of 6105 and 83057415?
555
What is the highest common divisor of 108 and 54706008?
12
Calculate the highest common factor of 52566780 and 1260.
420
Calculate the highest common factor of 2644303 and 149.
149
Calculate the greatest common divisor of 67242 and 1414.
14
Calculate the highest common factor of 3404 and 555552373.
851
What is the highest common factor of 9202644 and 561?
561
Calculate the greatest common factor of 14720 and 20120.
40
What is the greatest common factor of 46 and 62016142?
46
Calculate the highest common factor of 215505 and 12240.
45
What is the greatest common factor of 164676 and 111?
3
Calculate the highest common factor of 138630 and 23570.
10
Calculate the greatest common divisor of 1659939632 and 312.
104
Calculate the greatest common divisor of 251524320 and 20.
20
What is the highest common factor of 87855432 and 1176?
1176
What is the highest common factor of 1914302 and 8?
2
What is the highest common factor of 71365 and 2975?
35
Calculate the highest common factor of 2419 and 31763356.
41
Calculate the highest common factor of 486931 and 5831.
17
Calculate the highest common factor of 980255796 and 4524.
4524
Calculate the highest common factor of 338 and 45745869.
13
Calculate the highest common divisor of 106 and 402182.
2
Calculate the greatest common divisor of 15210048 and 1344.
1344
Calculate the highest common divisor of 416 and 1581792.
32
What is the highest common divisor of 171139085 and 1105?
1105
Calculate the highest common factor of 116 and 376265053.
29
What is the greatest common factor of 463174164 and 3747?
3747
Calculate the greatest common divisor of 28602 and 2532866.
3178
What is the greatest common factor of 25108600 and 1243?
1243
Calculate the greatest common factor of 559866 and 5520.
138
Calculate the highest common divisor of 16084535 and 2735.
2735
What is the highest common factor of 706779 and 33?
3
Calculate the highest common factor of 259608 and 28188.
348
Calculate the greatest common divisor of 1872487 and 2681.
383
What is the highest common factor of 7038930 and 2796?
1398
Calculate the greatest common divisor of 7310 and 9939020.
430
Calculate the greatest common divisor of 215866 and 7559845.
907
Calculate the greatest common factor of 105768 and 303966.
234
What is the highest common divisor of 2580 and 81528?
516
What is the greatest common factor of 83925725 and 325?
325
What is the highest common factor of 877106 and 9831?
113
What is the highest common divisor o